{"id":9,"date":"2015-11-06T21:34:53","date_gmt":"2015-11-06T20:34:53","guid":{"rendered":"http:\/\/cacahuete.nexgate.ch\/?page_id=9"},"modified":"2025-04-14T15:54:01","modified_gmt":"2025-04-14T14:54:01","slug":"lassociation","status":"publish","type":"page","link":"https:\/\/www.lacacahuete.ch\/index.php\/lassociation\/","title":{"rendered":"L&rsquo;Association (AAC)"},"content":{"rendered":"<h2><strong>AAC &#8211; Association des Amis de la Cacahu\u00e8te<\/strong><\/h2>\n<h2>Histoire du chalet et de l&rsquo;association<\/h2>\n<p style=\"text-align: justify;\">Le chalet a \u00e9t\u00e9 construit en 1961 par M. Otto Kuster et a \u00e9t\u00e9 utilis\u00e9 comme lieu de repos de 1963 \u00e0 1973 sous le nom de l&rsquo;<strong>H\u00f4tel Alpenblik<\/strong> (<a href=\"https:\/\/www.lacacahuete.ch\/wp-content\/uploads\/2025\/04\/La-Cacahuete_Livre-dOr-I_Hotel-Alpenblick.pdf\" target=\"_blank\" rel=\"noopener\">comme l&rsquo;atteste ce livre d&rsquo;or de l&rsquo;\u00e9poque<\/a>) puis durant de nombreuses ann\u00e9es encores. Il s\u2019appelait alors <strong>La Sittelle<\/strong>.<\/p>\n<p style=\"text-align: justify;\">Au milieu des ann\u00e9es 90, voyant le chalet peu occup\u00e9, des vandales le saccagent et tentent d&rsquo;y mettre le feu. La chalet est partiellement d\u00e9truit. Vid\u00e9 de ses meubles et objets, le chalet reste en l&rsquo;\u00e9tat quelques ann\u00e9es jusqu&rsquo;\u00e0 ce que des scouts d\u00e9cident en 2000 de le remettre en \u00e9tat et lui donner une nouvelle jeunesse en le proposant \u00e0 la location. Venez au chalet La Cacahu\u00e8te et d\u00e9couvrez ce merveilleux endroit qu&rsquo;est le Jura !<\/p>\n<p style=\"text-align: justify;\">Toujours propri\u00e9t\u00e9 de la hoirie Kuster, le chalet est confi\u00e9 au soin de l&rsquo;AAC depuis 2005 afin d&rsquo;en faire profiter tout un chacun : scouts, amoureux de la nature, amis.<\/p>\n<h2 style=\"text-align: justify;\">L&rsquo;association<\/h2>\n<p>Les personnes int\u00e9ress\u00e9es \u00e0 rejoindre l&rsquo;AAC sont les bienvenues, n&rsquo;h\u00e9sitez pas \u00e0 nous <a href=\"https:\/\/cacahuete.nexgate.ch\/index.php\/reservez\/\">contacter<\/a>.<\/p>\n<p>Le comit\u00e9 de l&rsquo;AAC est compos\u00e9 de :<\/p>\n<ul>\n<li>Calao fut\u00e9 (Dominique T.), pr\u00e9sident et webmaster<\/li>\n<li>Chat ind\u00e9pendant (Lionel S.), co-responsable mobilisation des membres<\/li>\n<li>Gecko investie (St\u00e9phanie De R.), super secr\u00e9taire<\/li>\n<li>Guanaco (Adrien S.), responsable des travaux ext\u00e9rieur et de l&rsquo;entretient g\u00e9n\u00e9ral<\/li>\n<li>Kodiak d\u00e9vou\u00e9 (Etienne K.), vice-pr\u00e9sident<\/li>\n<li>Oryx chaleureux (Steve Z.), co-responsable mobilisation des membres<\/li>\n<li>Toi ?<\/li>\n<\/ul>\n<p style=\"text-align: justify;\">Les Amis de la Cacahu\u00e8te montent environ 4 fois par ann\u00e9e pour entretenir le chalet et ses alentours: entretien des parois, des volets, d\u00e9bitage de bois pour le chauffage, nettoyage approfondi, inventaire, etc. Mais \u00e9galement pour profiter du chalet et de ses alentours, notamment en \u00e9t\u00e9 pour un week-end Pal\u00e9o.<\/p>\n<p style=\"text-align: justify;\"><strong>Merci<\/strong> de contribuer \u00e0 nos efforts, en prenant soin de notre chalet, en le nettoyant correctement, en rempla\u00e7ant le bois consomm\u00e9 (dans la mesure du possible) et en nous signalant toute anomalie.<\/p>\n<p style=\"text-align: justify;\">Cotisation membre de l&rsquo;AAC : 30 CHF \/ an<br \/>\nCCP : 17-724414-3<br \/>\nIBAN : CH07 0900 0000 1772 4414 3<br \/>\nmerci d&rsquo;avance pour vos dons !<\/p>\n<p style=\"text-align: justify;\"><a href=\"https:\/\/www.facebook.com\/groups\/93094266774\/\" target=\"_blank\" rel=\"noopener noreferrer\">Suivez-nous sur Facebook<\/a><\/p>\n","protected":false},"excerpt":{"rendered":"<p>AAC &#8211; Association des Amis de la Cacahu\u00e8te Histoire du chalet et de l&rsquo;association Le chalet a \u00e9t\u00e9 construit en 1961 par M. Otto Kuster et a \u00e9t\u00e9 utilis\u00e9 comme lieu de repos de 1963 \u00e0 1973 sous le nom &hellip; <a href=\"https:\/\/www.lacacahuete.ch\/index.php\/lassociation\/\">Continuer la lecture <span class=\"meta-nav\">&rarr;<\/span><\/a><\/p>\n","protected":false},"author":1,"featured_media":0,"parent":0,"menu_order":4,"comment_status":"closed","ping_status":"closed","template":"onecolumn-page.php","meta":{"footnotes":""},"class_list":["post-9","page","type-page","status-publish","hentry"],"_links":{"self":[{"href":"https:\/\/www.lacacahuete.ch\/index.php\/wp-json\/wp\/v2\/pages\/9"}],"collection":[{"href":"https:\/\/www.lacacahuete.ch\/index.php\/wp-json\/wp\/v2\/pages"}],"about":[{"href":"https:\/\/www.lacacahuete.ch\/index.php\/wp-json\/wp\/v2\/types\/page"}],"author":[{"embeddable":true,"href":"https:\/\/www.lacacahuete.ch\/index.php\/wp-json\/wp\/v2\/users\/1"}],"replies":[{"embeddable":true,"href":"https:\/\/www.lacacahuete.ch\/index.php\/wp-json\/wp\/v2\/comments?post=9"}],"version-history":[{"count":27,"href":"https:\/\/www.lacacahuete.ch\/index.php\/wp-json\/wp\/v2\/pages\/9\/revisions"}],"predecessor-version":[{"id":421,"href":"https:\/\/www.lacacahuete.ch\/index.php\/wp-json\/wp\/v2\/pages\/9\/revisions\/421"}],"wp:attachment":[{"href":"https:\/\/www.lacacahuete.ch\/index.php\/wp-json\/wp\/v2\/media?parent=9"}],"curies":[{"name":"wp","href":"https:\/\/api.w.org\/{rel}","templated":true}]}}